ctors of s.
2, 83
List the prime factors of 1/(1/(-428)*-1).
2, 107
Suppose 2 = -3*g + 8. Suppose -i = 3*i, 0 = -g*r + 2*i + 38. List the prime factors of r.
19
Suppose -5*o + 0*o + 15 = 0. Let x(t) = t. Let m be x(o). Suppose -h + m*h = 12. What are the prime factors of h?
2, 3
Let n(k) = -k**3 - k**2 + 5*k + 6. Let z be 16/(-6) + 16/(-48). List the prime factors of n(z).
3
Let m(h) = -h**3 - 6*h**2 + 3. Let s be (-30)/(-8) - (-1)/4. Suppose s*l - 2*l + 12 = 0. What are the prime factors of m(l)?
3
List the prime factors of ((-28)/8)/(2/(-44)).
7, 11
Let i = 1 - -14. Let q = -4 + i. List the prime factors of q.
11
Suppose 2*j - 6*j + 296 = 0. List the prime factors of j.
2, 37
List the prime factors of 3*(-9)/(81/(-84)).
2, 7
Suppose -4*t = -5*r + 725, 2*t - 455 = -5*r + 240. Let a = r - 100. What are the prime factors of a?
41
Let p(r) = 4*r**2 - r - 1. Suppose -4*v - 2 = 2. Let f be p(v). Let x = 14 - f. What are the prime factors of x?
2, 5
Suppose 0 = 4*i - 4*g - 144, 3*g - 5*g = 2*i - 56. List the prime factors of i.
2
Suppose 68 = a + f - 6*f, -4*f = -3*a + 226. What are the prime factors of a?
2, 3, 13
Let u = 319 + -130. Suppose -2*s = -0*x - 5*x - 79, -5*s + 4*x = -u. List the prime factors of s.
37
Let w be -1 - -1 - (-2 + 1). Let d be 4 - 17 - w*2. List the prime factors of (18/d)/((-3)/10).
2
Let b = -5 - -2. What are the prime factors of 4 + (0 - (-3)/b)?
3
Let u(o) = o**3 - o**2 - 2. Let s be u(2). Suppose -s*g = 4*t - 168, -g + 3*t = -0*g - 94. List the prime factors of (3/6)/(4/g).
11
What are the prime factors of -1 + 17 + (-4 - -4)?
2
Let k = 16 + -11. Suppose -k*s + 87 = -2*n, -4*s - n + 78 - 11 = 0. Suppose 0 = c - s + 5. List the prime factors of c.
2, 3
Let o(i) = 2*i**2 - 11*i + 9. Let h(r) = -r**2 + 5*r - 4. Let c(k) = -7*h(k) - 3*o(k). What are the prime factors of c(5)?
2
What are the prime factors of -2 - -6 - (-3 - 28)?
5, 7
Let q(s) = -s. Let m be q(-1). Let x be 0 + (14 - (0 - m)). Suppose -u - 5*b + 24 = -0*u, -u - 2*b = -x. What are the prime factors of u?
3
Let h(b) = -80*b. Let m be h(-2). Let f = -103 + m. What are the prime factors of f?
3, 19
Suppose 2*n = -0*n - 2. Let l be n/(-3) - 5/(-3). Suppose -5*i = l*s - 10, 0 = i + i - 5*s - 33. List the prime factors of i.
2
Let f(m) = m**3 - 2*m**2 + 4*m - 2. Let r(i) = i**2 + 5*i - 12. Let y be r(-7). What are the prime factors of f(y)?
2, 3
Let q = -29 + 56. Suppose q*r + 180 = 31*r. List the prime factors of r.
3, 5
Let o(d) = d**3 - 13*d**2 + 16*d - 13. Let h be o(10). List the prime factors of 2/(-7) - h/21.
7
Let c(m) = 4*m**2 - m + 14. Let v(n) = -n**2 - n - 1. Let t(w) = c(w) + 5*v(w). List the prime factors of t(-7).
2
Suppose -4*q - 3*z + 221 = q, 2*z = -2*q + 90. List the prime factors of q.
43
Suppose -4*k + 84 = -6*k. Let m be (1/2)/(-1)*k. Suppose -5*f + m = 3*q - 2*f, 0 = 4*f - 20. What are the prime factors of q?
2
Let j(n) = -11*n. Let r be j(-1). Let a = 18 - r. What are the prime factors of a?
7
Suppose d + 3*y = -5, -3*d + 27 = -0*d - 5*y. What are the prime factors of d?
2
Let v be 39/(3 - (-12)/(-8)). Let n = 55 - v. What are the prime factors of n?
29
Suppose 3*f = b - 63 + 6, -5*b + 229 = -f. What are the prime factors of b?
3, 5
Let k(q) be the second derivative of -q**3/6 + 3*q**2 + 2*q. Let c be k(3). What are the prime factors of (-33)/(-4) - c/12?
2
Let n(a) be the third derivative of a**6/120 - a**5/12 + a**4/6 + 5*a**3/6 - a**2. Suppose 4*x + 16 = 0, 0 = 4*m - m + x - 8. List the prime factors of n(m).
5
Let r be 8/2*(-69)/(-12). What are the prime factors of r/7 - (-12)/(-42)?
3
Let n = 41 + -5. Suppose 2*f = 5*f - n. Let j = -5 + f. List the prime factors of j.
7
Let k(o) = 2*o**2 + o - 7. Let r be 10/(-4)*(0 - 2). Let i be k(r). Suppose -3*h + 7*h - i = 0. What are the prime factors of h?
2, 3
Let f(j) = -2 + 0*j + 3*j - 2*j + 2*j. Let q be f(2). Let o = 7 - q. What are the prime factors of o?
3
Let j be (-234)/(-24)*(-16)/(-6). Let l = j + -15. What are the prime factors of l?
11
Suppose d - 5*d - 3*a = -112, 11 = d + 5*a. List the prime factors of d.
31
Suppose 4*u - 6*u - 82 = 4*g, -g - 22 = u. Let m = g - -37. What are the prime factors of (42/(-8))/(m/(-48))?
2, 7
What are the prime factors of ((-36)/27)/(2/(-174))?
2, 29
Let s = -33 + 213. What are the prime factors of s?
2, 3, 5
Suppose -3*f = 2*f - 10. Suppose -f = 4*x - 14. Suppose -29 - x = -2*i. What are the prime factors of i?
2
Let u(n) = -n**2 + 2*n - 1. Let y be u(6). Let k = -14 - y. List the prime factors of k.
11
Let f(r) = 2*r**2 + r - 2. Let y be f(-2). Suppose -24 = -y*o - 2*q, -2*o - 6*q + 4 = -3*q. What are the prime factors of o?
2
Suppose 4*v - 9 = 3*n - 0*v, 5*n - 14 = -3*v. Suppose -3*a + 3*h = -2*a - 11, -4*a - 3*h - n = 0. List the prime factors of -1 - 1 - (-4 - a).
2
Let b = -7 - -4. Let g = b - -14. What are the prime factors of g?
11
Let a(f) = 11*f**2 + f - 10*f**2 + 9*f**2. What are the prime factors of a(-2)?
2, 19
List the prime factors of (-2)/(-12)*-1 - 6139/(-42).
2, 73
Suppose -y - 1 = q + 3, 5*y = q + 4. Suppose 0 = -h - 3, 5*t + y*h - 183 = h. What are the prime factors of t?
2, 3
Suppose -5*j = 3*h - 49 - 65, 82 = 3*j - 5*h. List the prime factors of j.
2, 3
Suppose 3*c = 7*c - 4. Let m(p) = 6*p. Let y be m(c). Let f(t) = t**3 - 5*t**2 - 4*t - 3. List the prime factors of f(y).
3
Suppose 0*g - 40 = -5*n + 4*g, 4*g - 8 = -n. List the prime factors of n.
2
Let z(k) = k**3 + 7*k**2 + 5*k - 3. What are the prime factors of z(-6)?
3
Suppose -2*z - 10 = 10. Let w = -7 - z. List the prime factors of w.
3
Let u(t) = 3*t**2 + 6*t - 8. Let z(h) = -7*h**2 - 13*h + 15. Let v(l) = 5*u(l) + 2*z(l). Let a be v(-9). What are the prime factors of (90/a)/((-3)/(-14))?
2, 3
Let w(d) be the first derivative of d**4/4 + 8*d**3/3 + 9*d - 1. Let m be w(-8). Suppose -5*q + 4 = m, -5*y + 5*q + 55 = 0. What are the prime factors of y?
2, 5
What are the prime factors of ((-16)/(-6) - 0)*3/2?
2
Let b be (72/42)/((-3)/(-21)). Suppose -4*v = -4 + b, -4*v + 15 = c. List the prime factors of c.
23
Suppose -5*f + 88 = -3*w, 3*w - 25 + 62 = 2*f. What are the prime factors of f?
17
Suppose 2*c = 5*s + 7, 2*c - 4*s = -2*c + 8. Let j(t) be the second derivative of t**3/3 + t**2/2 - 6*t. List the prime factors of j(c).
3
Let h = 4 + -7. Let u(p) = -4*p + 3. Let d be u(h). List the prime factors of (-2)/3 - (-190)/d.
2, 3
Suppose 3*a = -3*i + 21, 3*i + 0*a - 27 = -a. What are the prime factors of (i + -5)/(2/4)?
2, 5
Let n(j) = -j**3 - 8*j**2 + j + 8. Let i be n(-8). Suppose 12 = 2*g - i. List the prime factors of g.
2, 3
Let n be (24/(-20))/((-2)/10). What are the prime factors of 12 + (-1)/2*n?
3
Let q(d) = -d**3 - 5*d**2 + d + 6. Let c be q(-5). Let s = c + 7. Suppose -10 = -3*p + s. List the prime factors of p.
2, 3
Suppose 3*s - 90 = 3*p, 3*s - 2*p - 88 = -0*p. List the prime factors of s.
2, 7
Suppose -2*d + 7 = -i, 10 = 3*i + 2*d - 9. Suppose -4*p + 2*p = 10, -7 = l + i*p. What are the prime factors of l?
2
Suppose -5*s = 3*i - 31, 2*s - 10 = -4*i + 8. Suppose 4*x + 4*a = -20, -s*x - 10 - 14 = 4*a. Let w = 5 - x. What are the prime factors of w?
3
Let j = 105 + -70. What are the prime factors of j?
5, 7
Let f(a) = -7*a - 6. Let o be f(-6). Suppose -5*g - 16 = -w, -5*w + o = -5*g - 24. List the prime factors of w.
11
Suppose 8 = -5*u + 3*u. What are the prime factors of 10/3 - u/6?
2
Suppose 6*u = 2*u + 1616. Let o = u - 700. List the prime factors of 4/(-18) + o/(-36).
2
Let r(b) = b**3 + 11*b**2 + 13*b + 12. Let i be r(-9). Suppose 5*c = 242 - i. Suppose -c = -2*w - 3. What are the prime factors of w?
17
Let x = -72 - -102. List the prime factors of x.
2, 3, 5
Let n = -33 + 61. Suppose -s + n = -0. Suppose 7*z - s = 3*z. List the prime factors of z.
7
Let i(a) = 3*a**3 - 3*a. Let g(s) = -10*s**3 + 9*s + 1. Let u(z) = 2*g(z) + 7*i(z). Let q be u(3). Let f = -12 + q. List the prime factors of f.
2
Let q be (-3)/6 - (-7)/2. Suppose -10 = -q*p - 1. List the prime factors of p.
3
Suppose 0 = 5*b + x - 16, -2*b + 2*x = -16. Let s = 22 + -20. List the prime factors of 3/2 + s/b.
2
Suppose -c + 0 + 5 = 0. Let t(o) = 2*o**2 + 7*o - 3. Let j be t(c). Suppose 0 = -3*f - 2*f - y + j, -2*y + 68 = 4*f. List the prime factors of f.
2
Suppose -4 = y - 5. Suppose -g + 10 - y = 